. What is the units digit of n?
9
What is the tens digit of (-22)/110*136490*1/(-2)?
4
Let m = -4862 - -9061. What is the units digit of m?
9
Let r(g) = 5*g**3 - 2*g**2 + 3*g - 1. Let h be r(1). Suppose -2458 = -3*d - 4*i, -h*d + i + 3*i + 4118 = 0. What is the hundreds digit of d?
8
Let a(f) = -f - 1. Let t be a(-4). Let b be (-1)/(t/(-15) - 0). Suppose -4*x - 757 = -8*x - 5*j, -2*j + 925 = b*x. What is the hundreds digit of x?
1
Suppose 0 = -3*r + 25 - 37, -3*n = 4*r - 48587. What is the tens digit of n?
0
Suppose 15490 + 1844 = 9*b. Let r = b + -940. What is the tens digit of r?
8
Suppose 17*g - 100778 = -24*g. What is the units digit of g?
8
Let y be (-602)/(-2) + 1 + -3. Let d = -18759 + 19171. Suppose d = 3*l - y. What is the tens digit of l?
3
Let y = -253 + 166. Let x = y + 37. Let r = x + 56. What is the units digit of r?
6
Suppose l + 5*t = 25573, -3*t = 16*l - 23*l + 179011. What is the tens digit of l?
7
Let h be (-257763)/(-165) - (0 - 2/(-10)). What is the hundreds digit of h/4 - (-32)/(-64)?
3
Let y(u) = u**2 - 23*u + 36. Let v be y(17). What is the tens digit of (-1 + -45)/(v/561)?
9
Let k(f) = f**3 + 12*f**2 + f + 18. Let l be k(-12). Suppose l*j + 6*j = 276. What is the tens digit of j?
2
Suppose 0 = h + 16 - 21. What is the tens digit of 1*(3 + -2)*h*12?
6
Let j(x) = x**2 + 41*x + 122. Let m be j(-35). What is the units digit of (5 - m/(-16))/((-2)/1656)?
4
Suppose t = -4*w + 2*w + 8, -2*t = w - 10. Suppose -7*s = -t*s - 36. What is the units digit of 3*(760/s + 5)?
5
Suppose 0 = 3*a + 2*f - 10499, f - 5265 - 1735 = -2*a. What is the thousands digit of a?
3
Let g(d) = 22*d + 20. Let p be g(-1). What is the hundreds digit of (16660/51)/(p/(-6))?
9
Suppose 4*t + 13871 - 35911 = 3*u, u = 3*t - 16530. What is the thousands digit of t?
5
Let q(v) = -17*v - 52. Let x be q(-5). Let b(k) = 47*k - 185. What is the tens digit of b(x)?
6
Suppose -133*y = -2*q - 134*y + 19647, y + 39303 = 4*q. What is the hundreds digit of q?
8
Let l = 64 - 55. Suppose j = -m + l, -5 = 2*j - 5*m + 12. What is the tens digit of 30/3*(1 + 22/j)?
6
Let j = 28990 + -16805. What is the units digit of j?
5
Suppose -p + 5*b = -13966, 236*p - b = 231*p + 69974. What is the tens digit of p?
9
Let q be ((-18)/33)/(-3) + (-22116)/(-209). Let f = 271 - q. What is the hundreds digit of f?
1
Suppose 5*g = -0*d - 2*d + 406, -4*g = -4*d + 784. What is the units digit of (-8596)/(-18) - (-88)/d?
8
Let t = -62265 - -96827. What is the units digit of t?
2
Let w(v) = 417*v**2 + 86*v + 831. What is the hundreds digit of w(-8)?
8
Let r(o) = o**2 - 17*o - 14. Let k(f) = -2*f**2 - 23*f - 6. Let p be k(-10). What is the units digit of r(p)?
4
Let p(z) = -53 - 33 - 11*z + 20 + 2*z. Let j be p(-6). What is the tens digit of 18*(-3)/j*(-64)/(-6)?
4
Let o = 18 - 20. Let x be (0 - o) + 1*-2. Suppose 144 = 3*m - x*m. What is the tens digit of m?
4
Let c(w) = 56*w**2 + 80*w + 1159. What is the hundreds digit of c(-14)?
0
Suppose 0 = 45*v - 46*v - 136*v + 386340. What is the thousands digit of v?
2
Let h(t) = -4*t**2 + 35*t - 53. Let w(v) = -2*v**2 + 18*v - 27. Let z(g) = -6*h(g) + 11*w(g). Let k be z(9). Let a = -63 + k. What is the tens digit of a?
1
Let q = 31202 + 13412. What is the units digit of q?
4
Let d be 19 - 5 - (2 + 3). Let p(j) = 4*j**2 - 2*j + 33. What is the hundreds digit of p(d)?
3
Suppose r - 7 = -5*w, -2*r - 7*w + 9 = -2*w. Suppose -r*o + o + 31 = 0. Suppose 0 = 3*k - 6, g - 2*k + 6*k = o. What is the units digit of g?
3
Let f = -64793 - -109383. What is the hundreds digit of f?
5
Let g(l) = 60*l + 3. Let n be 9/(-3) - -6 - 1. Let y(q) = 180*q + 10. Let c(x) = n*y(x) - 7*g(x). What is the tens digit of c(-2)?
1
Let f(h) = -30*h**3 + 2*h**2 - 9*h + 8. Let i be f(1). Suppose -b - 5*n = -40 - 20, b - 60 = n. Let x = b - i. What is the tens digit of x?
8
Let o(f) = -46*f - 125. Suppose 5*x = d - 7, -4*d + 2*x + 1 = -3*d. What is the tens digit of o(d)?
1
Suppose -9*n = 51 + 156. Let p(a) = -a**3 - 22*a**2 + 2*a + 37. What is the units digit of p(n)?
0
Let a be 4198/(-20) - (-3 - (-62)/20). Let n = a - -283. What is the units digit of n?
3
Let d(f) = -f**3 - 3*f + 67. Let b(j) = j**3 - 6*j**2 - 3*j. Let k be b(7). Let c = k - 28. What is the tens digit of d(c)?
6
Let z = 20 - 15. Suppose -z*h + 1715 = -5*c, 2*h - 3*h - 3*c = -331. What is the hundreds digit of h?
3
Let q(o) = 2*o + 20. Let u be q(-10). Suppose 0*w + 4*w - 12 = u. Suppose -3*l - x = -5*l + 233, -w*x + 451 = 4*l. What is the hundreds digit of l?
1
What is the tens digit of (7 + -4)/(3*5/36970)?
9
Suppose -34*n + 32*n = x + 1451, -2*n + 3*x - 1471 = 0. Let z = 1572 + n. What is the units digit of z?
4
Suppose z - y = 0, z - 10 = -4*z + 3*y. Suppose x - 15 = 3*h, -z*x + 0*x + 33 = -h. What is the units digit of 5 - 3/(x/(-2))?
6
Suppose 0 = 5*w - 2*k - 71369, 426*k - 429*k = 4*w - 57109. What is the units digit of w?
5
Let w be (704/(-55))/((-2)/10). Suppose -w*y + 12 = -58*y. Suppose y*r + 0*n - 5*n - 203 = 0, 5*r = -3*n + 554. What is the tens digit of r?
0
Let q = 2263 + -433. Suppose -137*d - q = -142*d. What is the hundreds digit of d?
3
Let g(j) = -j**2 - 5*j - 3. Let c be g(-2). Suppose 5 = c*a - 2*a. Suppose 2*p + 64 = 2*d, -p + 0 = -a. What is the tens digit of d?
3
Let h(g) = 12*g**2 + 25*g + 37. Let m(p) = -p**2 - 4*p. Let t(b) = h(b) + 3*m(b). What is the units digit of t(-6)?
3
Let f = -24081 + 37245. What is the ten thousands digit of f?
1
Let p = 22333 + 7300. What is the ten thousands digit of p?
2
Let b(h) = -10*h - 69. Let y(w) = -17*w - 136. Let d(i) = -7*b(i) + 4*y(i). What is the units digit of d(31)?
1
Let x be (-3)/((-2)/(-4)*(1 - -2)). Let b(f) be the first derivative of 12*f**3 - f + 5. What is the tens digit of b(x)?
4
Let x = 111602 - 64440. What is the hundreds digit of x?
1
Let i = -89 - -115. Suppose -1632 - i = -3*x + 4*m, 3*m = 2*x - 1107. What is the units digit of x?
6
Let r = -25147 + 71833. What is the tens digit of r?
8
Let s be ((-8)/6)/(-1 + 19820/19830). What is the units digit of 24/84 - s/(-7)?
8
Suppose 4*k + 356 = 5*b - b, 3*b + 4*k = 295. Let s be ((-30)/60)/(0 - 2/224). Suppose 4*i = 2*v - s - 170, 2*i - b = -v. What is the hundreds digit of v?
1
Let c be 2*(-2)/4 - (-1152)/(-18). Let q = c + 164. What is the units digit of q?
9
Let m = -823 - -821. Let l(u) = -455*u - 44. What is the hundreds digit of l(m)?
8
Let s(i) = i**2 - 16*i + 5. Let f be s(-13). What is the units digit of (7 + -6)/((-2)/f*-1)?
1
Let o(z) = -2*z**2 - 16*z + 33. Let r be o(-9). Suppose r*u - 7*u = 1184. What is the tens digit of u?
4
What is the ten thousands digit of -25 + (7 - -5) + 6 + 79810?
7
Suppose 21*o - 396797 = 216991. What is the hundreds digit of o?
2
Let o(w) = -w**3 - w**2 + w + 15. Let g be o(6). Let h = g - -398. What is the units digit of h?
7
Suppose 5*g - 20 = 2*p + 25, -p - 3*g = 6. Let s(r) = r**2 - 2*r + 82. What is the hundreds digit of s(p)?
3
What is the hundreds digit of (156920/1300*13)/(2/5)?
9
Let v be 60 + (-1 + -1)/2. Suppose -99*r = -121*r - 1540. Let z = v - r. What is the tens digit of z?
2
Let q be (1/3)/((-2 + -2)/(-60)). Let r(v) = -4*v**3 - 3*v**2 + q*v**2 + 3*v**3 - 5*v**2 + v. What is the tens digit of r(-5)?
4
Let l(k) = -2*k**3 - 4*k**2 - 4*k + 3. Let c be l(-4). Suppose -262 = c*q - 84*q. Let r = q - 119. What is the hundreds digit of r?
1
Let m(p) = 2222*p**2 + 6*p - 8. What is the hundreds digit of m(-3)?
9
What is the thousands digit of -1 + 33874 - 1050/150?
3
Let u be 2*(3 + -4 - -3 - 0). What is the hundreds digit of ((-159)/6)/(u/(-56))?
3
Let c(h) = 2*h**3 - 8*h**2 + 4*h + 13727. What is the tens digit of c(0)?
2
Let l(t) = 3*t**2 - 13*t + 9. Let r be l(6). Let m = r + -36. Suppose 2*w - 162 = -2*y, 2*w + 2*y = -m*y + 147. What is the units digit of w?
6
Let u be (9 - 854/98)/((-1)/14). What is the units digit of (96/(-28)*u)/(17/119)?
6
Let t(p) = 59*p**2 - 140*p - 105. What is the units digit of t(-17)?
6
Let n(i) be the second derivative of -4*i**3/3 - 85*i**2/2 - 33*i. What is the units digit of n(-19)?
7
Suppose -2*h + 177 = 3*z - 1239, 0 = -4*h - 2*z + 2816. Suppose h = 4*w - 258. What is the tens digit of w?
4
Let x(h) = 6015*h - 110. Let q be x(3). Suppose 0*u = -17*u + q. What is the tens digit of u?
5
Let w be 991 - 3/((-30)